{"id":12060,"date":"2023-06-09T15:04:32","date_gmt":"2023-06-09T13:04:32","guid":{"rendered":"https:\/\/www.enviedecole.fr\/?page_id=12060"},"modified":"2023-06-09T15:56:15","modified_gmt":"2023-06-09T13:56:15","slug":"festival-des-10-printemps","status":"publish","type":"page","link":"https:\/\/www.enviedecole.fr\/index.php\/festival-des-10-printemps\/","title":{"rendered":"Festival des 10 Printemps"},"content":{"rendered":"<a href=\"https:\/\/www.enviedecole.fr\/wp-content\/uploads\/2023\/06\/Ce\u0301re\u0301monie-10-ans.pdf\"><img fetchpriority=\"high\" decoding=\"async\" class=\"alignnone size-full wp-image-12174\" src=\"https:\/\/www.enviedecole.fr\/wp-content\/uploads\/2023\/06\/image13-1.jpeg\" alt=\"\" width=\"563\" height=\"750\" \/> <img decoding=\"async\" class=\"alignnone size-full wp-image-12176\" src=\"https:\/\/www.enviedecole.fr\/wp-content\/uploads\/2023\/06\/image15-1.jpeg\" alt=\"\" width=\"563\" height=\"750\" \/> <img decoding=\"async\" class=\"alignnone size-full wp-image-12175\" src=\"https:\/\/www.enviedecole.fr\/wp-content\/uploads\/2023\/06\/image14.jpeg\" alt=\"\" width=\"563\" height=\"750\" \/> <img loading=\"lazy\" decoding=\"async\" class=\"alignnone size-full wp-image-12172\" src=\"https:\/\/www.enviedecole.fr\/wp-content\/uploads\/2023\/06\/image11-1.jpeg\" alt=\"\" width=\"750\" height=\"563\" \/> <img loading=\"lazy\" decoding=\"async\" class=\"alignnone size-full wp-image-12171\" src=\"https:\/\/www.enviedecole.fr\/wp-content\/uploads\/2023\/06\/image10-1.jpeg\" alt=\"\" width=\"640\" height=\"719\" \/> <img loading=\"lazy\" decoding=\"async\" class=\"alignnone size-full wp-image-12166\" src=\"https:\/\/www.enviedecole.fr\/wp-content\/uploads\/2023\/06\/image5.jpeg\" alt=\"\" width=\"563\" height=\"750\" \/> <img loading=\"lazy\" decoding=\"async\" class=\"alignnone size-full wp-image-12170\" src=\"https:\/\/www.enviedecole.fr\/wp-content\/uploads\/2023\/06\/image9-1.jpeg\" alt=\"\" width=\"563\" height=\"750\" \/> <img loading=\"lazy\" decoding=\"async\" class=\"alignnone size-full wp-image-12168\" src=\"https:\/\/www.enviedecole.fr\/wp-content\/uploads\/2023\/06\/image7-1.jpeg\" alt=\"\" width=\"563\" height=\"750\" \/> <img loading=\"lazy\" decoding=\"async\" class=\"alignnone size-full wp-image-12167\" src=\"https:\/\/www.enviedecole.fr\/wp-content\/uploads\/2023\/06\/image6-1.jpeg\" alt=\"\" width=\"563\" height=\"750\" \/> <img loading=\"lazy\" decoding=\"async\" class=\"alignnone size-full wp-image-12146\" src=\"https:\/\/www.enviedecole.fr\/wp-content\/uploads\/2023\/06\/IMG_4387.jpg\" alt=\"\" width=\"750\" height=\"499\" \/> <img loading=\"lazy\" decoding=\"async\" class=\"alignnone size-full wp-image-12149\" src=\"https:\/\/www.enviedecole.fr\/wp-content\/uploads\/2023\/06\/IMG_4394.jpg\" alt=\"\" width=\"750\" height=\"499\" \/> <img loading=\"lazy\" decoding=\"async\" class=\"alignnone size-full wp-image-12147\" src=\"https:\/\/www.enviedecole.fr\/wp-content\/uploads\/2023\/06\/IMG_4388.jpg\" alt=\"\" width=\"750\" height=\"499\" \/> <img loading=\"lazy\" decoding=\"async\" class=\"alignnone size-full wp-image-12177\" src=\"https:\/\/www.enviedecole.fr\/wp-content\/uploads\/2023\/06\/image16-1.jpeg\" alt=\"\" width=\"750\" height=\"563\" \/>Ce\u0301re\u0301monie 10 ans<br \/>\r\n<br \/>\r\n<\/a>","protected":false},"excerpt":{"rendered":"<p>Ce\u0301re\u0301monie 10 ans<\/p>\n","protected":false},"author":3,"featured_media":0,"parent":0,"menu_order":0,"comment_status":"closed","ping_status":"closed","template":"","meta":{"site-sidebar-layout":"default","site-content-layout":"","ast-site-content-layout":"","site-content-style":"default","site-sidebar-style":"default","ast-global-header-display":"","ast-banner-title-visibility":"","ast-main-header-display":"","ast-hfb-above-header-display":"","ast-hfb-below-header-display":"","ast-hfb-mobile-header-display":"","site-post-title":"","ast-breadcrumbs-content":"","ast-featured-img":"","footer-sml-layout":"","theme-transparent-header-meta":"","adv-header-id-meta":"","stick-header-meta":"","header-above-stick-meta":"","header-main-stick-meta":"","header-below-stick-meta":"","astra-migrate-meta-layouts":"default","ast-page-background-enabled":"default","ast-page-background-meta":{"desktop":{"background-color":"var(--ast-global-color-4)","background-image":"","background-repeat":"repeat","background-position":"center center","background-size":"auto","background-attachment":"scroll","background-type":"","background-media":"","overlay-type":"","overlay-color":"","overlay-opacity":"","overlay-gradient":""},"tablet":{"background-color":"","background-image":"","background-repeat":"repeat","background-position":"center center","background-size":"auto","background-attachment":"scroll","background-type":"","background-media":"","overlay-type":"","overlay-color":"","overlay-opacity":"","overlay-gradient":""},"mobile":{"background-color":"","background-image":"","background-repeat":"repeat","background-position":"center center","background-size":"auto","background-attachment":"scroll","background-type":"","background-media":"","overlay-type":"","overlay-color":"","overlay-opacity":"","overlay-gradient":""}},"ast-content-background-meta":{"desktop":{"background-color":"var(--ast-global-color-5)","background-image":"","background-repeat":"repeat","background-position":"center center","background-size":"auto","background-attachment":"scroll","background-type":"","background-media":"","overlay-type":"","overlay-color":"","overlay-opacity":"","overlay-gradient":""},"tablet":{"background-color":"var(--ast-global-color-5)","background-image":"","background-repeat":"repeat","background-position":"center center","background-size":"auto","background-attachment":"scroll","background-type":"","background-media":"","overlay-type":"","overlay-color":"","overlay-opacity":"","overlay-gradient":""},"mobile":{"background-color":"var(--ast-global-color-5)","background-image":"","background-repeat":"repeat","background-position":"center center","background-size":"auto","background-attachment":"scroll","background-type":"","background-media":"","overlay-type":"","overlay-color":"","overlay-opacity":"","overlay-gradient":""}},"footnotes":""},"class_list":["post-12060","page","type-page","status-publish","hentry"],"yoast_head":"<!-- This site is optimized with the Yoast SEO plugin v23.9 - https:\/\/yoast.com\/wordpress\/plugins\/seo\/ -->\n<title>- Festival des 10 Printemps<\/title>\n<meta name=\"description\" content=\"L\u2019ENVOL est une \u00e9cole priv\u00e9e la\u00efque hors contrat \u00e0 p\u00e9dagogie coop\u00e9rative d\u2019inspiration Montessori et Freinet, situ\u00e9e sur la commune de St Saturnin du Bois, proche de Surg\u00e8res et de Niort dans le d\u00e9partement de la Charente Maritime (17).\" \/>\n<meta name=\"robots\" content=\"index, follow, max-snippet:-1, max-image-preview:large, max-video-preview:-1\" \/>\n<link rel=\"canonical\" href=\"https:\/\/www.enviedecole.fr\/index.php\/festival-des-10-printemps\/\" \/>\n<meta property=\"og:locale\" content=\"fr_FR\" \/>\n<meta property=\"og:type\" content=\"article\" \/>\n<meta property=\"og:title\" content=\"- Festival des 10 Printemps\" \/>\n<meta property=\"og:description\" content=\"L\u2019ENVOL est une \u00e9cole priv\u00e9e la\u00efque hors contrat \u00e0 p\u00e9dagogie coop\u00e9rative d\u2019inspiration Montessori et Freinet, situ\u00e9e sur la commune de St Saturnin du Bois, proche de Surg\u00e8res et de Niort dans le d\u00e9partement de la Charente Maritime (17).\" \/>\n<meta property=\"og:url\" content=\"https:\/\/www.enviedecole.fr\/index.php\/festival-des-10-printemps\/\" \/>\n<meta property=\"article:modified_time\" content=\"2023-06-09T13:56:15+00:00\" \/>\n<meta property=\"og:image\" content=\"https:\/\/www.enviedecole.fr\/wp-content\/uploads\/2023\/06\/image13-1.jpeg\" \/>\n<meta name=\"twitter:card\" content=\"summary_large_image\" \/>\n<script type=\"application\/ld+json\" class=\"yoast-schema-graph\">{\"@context\":\"https:\/\/schema.org\",\"@graph\":[{\"@type\":\"WebPage\",\"@id\":\"https:\/\/www.enviedecole.fr\/index.php\/festival-des-10-printemps\/\",\"url\":\"https:\/\/www.enviedecole.fr\/index.php\/festival-des-10-printemps\/\",\"name\":\"- Festival des 10 Printemps\",\"isPartOf\":{\"@id\":\"https:\/\/www.enviedecole.fr\/#website\"},\"primaryImageOfPage\":{\"@id\":\"https:\/\/www.enviedecole.fr\/index.php\/festival-des-10-printemps\/#primaryimage\"},\"image\":{\"@id\":\"https:\/\/www.enviedecole.fr\/index.php\/festival-des-10-printemps\/#primaryimage\"},\"thumbnailUrl\":\"https:\/\/www.enviedecole.fr\/wp-content\/uploads\/2023\/06\/image13-1.jpeg\",\"datePublished\":\"2023-06-09T13:04:32+00:00\",\"dateModified\":\"2023-06-09T13:56:15+00:00\",\"description\":\"L\u2019ENVOL est une \u00e9cole priv\u00e9e la\u00efque hors contrat \u00e0 p\u00e9dagogie coop\u00e9rative d\u2019inspiration Montessori et Freinet, situ\u00e9e sur la commune de St Saturnin du Bois, proche de Surg\u00e8res et de Niort dans le d\u00e9partement de la Charente Maritime (17).\",\"breadcrumb\":{\"@id\":\"https:\/\/www.enviedecole.fr\/index.php\/festival-des-10-printemps\/#breadcrumb\"},\"inLanguage\":\"fr-FR\",\"potentialAction\":[{\"@type\":\"ReadAction\",\"target\":[\"https:\/\/www.enviedecole.fr\/index.php\/festival-des-10-printemps\/\"]}]},{\"@type\":\"ImageObject\",\"inLanguage\":\"fr-FR\",\"@id\":\"https:\/\/www.enviedecole.fr\/index.php\/festival-des-10-printemps\/#primaryimage\",\"url\":\"https:\/\/www.enviedecole.fr\/wp-content\/uploads\/2023\/06\/image13-1.jpeg\",\"contentUrl\":\"https:\/\/www.enviedecole.fr\/wp-content\/uploads\/2023\/06\/image13-1.jpeg\",\"width\":563,\"height\":750},{\"@type\":\"BreadcrumbList\",\"@id\":\"https:\/\/www.enviedecole.fr\/index.php\/festival-des-10-printemps\/#breadcrumb\",\"itemListElement\":[{\"@type\":\"ListItem\",\"position\":1,\"name\":\"Accueil\",\"item\":\"https:\/\/www.enviedecole.fr\/\"},{\"@type\":\"ListItem\",\"position\":2,\"name\":\"Festival des 10 Printemps\"}]},{\"@type\":\"WebSite\",\"@id\":\"https:\/\/www.enviedecole.fr\/#website\",\"url\":\"https:\/\/www.enviedecole.fr\/\",\"name\":\"En Vie d'Ecole\",\"description\":\"\",\"publisher\":{\"@id\":\"https:\/\/www.enviedecole.fr\/#organization\"},\"potentialAction\":[{\"@type\":\"SearchAction\",\"target\":{\"@type\":\"EntryPoint\",\"urlTemplate\":\"https:\/\/www.enviedecole.fr\/?s={search_term_string}\"},\"query-input\":{\"@type\":\"PropertyValueSpecification\",\"valueRequired\":true,\"valueName\":\"search_term_string\"}}],\"inLanguage\":\"fr-FR\"},{\"@type\":\"Organization\",\"@id\":\"https:\/\/www.enviedecole.fr\/#organization\",\"name\":\"En vie d\u2019\u00e9cole\",\"url\":\"https:\/\/www.enviedecole.fr\/\",\"logo\":{\"@type\":\"ImageObject\",\"inLanguage\":\"fr-FR\",\"@id\":\"https:\/\/www.enviedecole.fr\/#\/schema\/logo\/image\/\",\"url\":\"https:\/\/www.enviedecole.fr\/wp-content\/uploads\/2018\/10\/logo_texte_bas.jpg\",\"contentUrl\":\"https:\/\/www.enviedecole.fr\/wp-content\/uploads\/2018\/10\/logo_texte_bas.jpg\",\"width\":266,\"height\":284,\"caption\":\"En vie d\u2019\u00e9cole\"},\"image\":{\"@id\":\"https:\/\/www.enviedecole.fr\/#\/schema\/logo\/image\/\"}}]}<\/script>\n<!-- \/ Yoast SEO plugin. -->","yoast_head_json":{"title":"- Festival des 10 Printemps","description":"L\u2019ENVOL est une \u00e9cole priv\u00e9e la\u00efque hors contrat \u00e0 p\u00e9dagogie coop\u00e9rative d\u2019inspiration Montessori et Freinet, situ\u00e9e sur la commune de St Saturnin du Bois, proche de Surg\u00e8res et de Niort dans le d\u00e9partement de la Charente Maritime (17).","robots":{"index":"index","follow":"follow","max-snippet":"max-snippet:-1","max-image-preview":"max-image-preview:large","max-video-preview":"max-video-preview:-1"},"canonical":"https:\/\/www.enviedecole.fr\/index.php\/festival-des-10-printemps\/","og_locale":"fr_FR","og_type":"article","og_title":"- Festival des 10 Printemps","og_description":"L\u2019ENVOL est une \u00e9cole priv\u00e9e la\u00efque hors contrat \u00e0 p\u00e9dagogie coop\u00e9rative d\u2019inspiration Montessori et Freinet, situ\u00e9e sur la commune de St Saturnin du Bois, proche de Surg\u00e8res et de Niort dans le d\u00e9partement de la Charente Maritime (17).","og_url":"https:\/\/www.enviedecole.fr\/index.php\/festival-des-10-printemps\/","article_modified_time":"2023-06-09T13:56:15+00:00","og_image":[{"url":"https:\/\/www.enviedecole.fr\/wp-content\/uploads\/2023\/06\/image13-1.jpeg"}],"twitter_card":"summary_large_image","schema":{"@context":"https:\/\/schema.org","@graph":[{"@type":"WebPage","@id":"https:\/\/www.enviedecole.fr\/index.php\/festival-des-10-printemps\/","url":"https:\/\/www.enviedecole.fr\/index.php\/festival-des-10-printemps\/","name":"- Festival des 10 Printemps","isPartOf":{"@id":"https:\/\/www.enviedecole.fr\/#website"},"primaryImageOfPage":{"@id":"https:\/\/www.enviedecole.fr\/index.php\/festival-des-10-printemps\/#primaryimage"},"image":{"@id":"https:\/\/www.enviedecole.fr\/index.php\/festival-des-10-printemps\/#primaryimage"},"thumbnailUrl":"https:\/\/www.enviedecole.fr\/wp-content\/uploads\/2023\/06\/image13-1.jpeg","datePublished":"2023-06-09T13:04:32+00:00","dateModified":"2023-06-09T13:56:15+00:00","description":"L\u2019ENVOL est une \u00e9cole priv\u00e9e la\u00efque hors contrat \u00e0 p\u00e9dagogie coop\u00e9rative d\u2019inspiration Montessori et Freinet, situ\u00e9e sur la commune de St Saturnin du Bois, proche de Surg\u00e8res et de Niort dans le d\u00e9partement de la Charente Maritime (17).","breadcrumb":{"@id":"https:\/\/www.enviedecole.fr\/index.php\/festival-des-10-printemps\/#breadcrumb"},"inLanguage":"fr-FR","potentialAction":[{"@type":"ReadAction","target":["https:\/\/www.enviedecole.fr\/index.php\/festival-des-10-printemps\/"]}]},{"@type":"ImageObject","inLanguage":"fr-FR","@id":"https:\/\/www.enviedecole.fr\/index.php\/festival-des-10-printemps\/#primaryimage","url":"https:\/\/www.enviedecole.fr\/wp-content\/uploads\/2023\/06\/image13-1.jpeg","contentUrl":"https:\/\/www.enviedecole.fr\/wp-content\/uploads\/2023\/06\/image13-1.jpeg","width":563,"height":750},{"@type":"BreadcrumbList","@id":"https:\/\/www.enviedecole.fr\/index.php\/festival-des-10-printemps\/#breadcrumb","itemListElement":[{"@type":"ListItem","position":1,"name":"Accueil","item":"https:\/\/www.enviedecole.fr\/"},{"@type":"ListItem","position":2,"name":"Festival des 10 Printemps"}]},{"@type":"WebSite","@id":"https:\/\/www.enviedecole.fr\/#website","url":"https:\/\/www.enviedecole.fr\/","name":"En Vie d'Ecole","description":"","publisher":{"@id":"https:\/\/www.enviedecole.fr\/#organization"},"potentialAction":[{"@type":"SearchAction","target":{"@type":"EntryPoint","urlTemplate":"https:\/\/www.enviedecole.fr\/?s={search_term_string}"},"query-input":{"@type":"PropertyValueSpecification","valueRequired":true,"valueName":"search_term_string"}}],"inLanguage":"fr-FR"},{"@type":"Organization","@id":"https:\/\/www.enviedecole.fr\/#organization","name":"En vie d\u2019\u00e9cole","url":"https:\/\/www.enviedecole.fr\/","logo":{"@type":"ImageObject","inLanguage":"fr-FR","@id":"https:\/\/www.enviedecole.fr\/#\/schema\/logo\/image\/","url":"https:\/\/www.enviedecole.fr\/wp-content\/uploads\/2018\/10\/logo_texte_bas.jpg","contentUrl":"https:\/\/www.enviedecole.fr\/wp-content\/uploads\/2018\/10\/logo_texte_bas.jpg","width":266,"height":284,"caption":"En vie d\u2019\u00e9cole"},"image":{"@id":"https:\/\/www.enviedecole.fr\/#\/schema\/logo\/image\/"}}]}},"_links":{"self":[{"href":"https:\/\/www.enviedecole.fr\/index.php\/wp-json\/wp\/v2\/pages\/12060"}],"collection":[{"href":"https:\/\/www.enviedecole.fr\/index.php\/wp-json\/wp\/v2\/pages"}],"about":[{"href":"https:\/\/www.enviedecole.fr\/index.php\/wp-json\/wp\/v2\/types\/page"}],"author":[{"embeddable":true,"href":"https:\/\/www.enviedecole.fr\/index.php\/wp-json\/wp\/v2\/users\/3"}],"replies":[{"embeddable":true,"href":"https:\/\/www.enviedecole.fr\/index.php\/wp-json\/wp\/v2\/comments?post=12060"}],"version-history":[{"count":3,"href":"https:\/\/www.enviedecole.fr\/index.php\/wp-json\/wp\/v2\/pages\/12060\/revisions"}],"predecessor-version":[{"id":12178,"href":"https:\/\/www.enviedecole.fr\/index.php\/wp-json\/wp\/v2\/pages\/12060\/revisions\/12178"}],"wp:attachment":[{"href":"https:\/\/www.enviedecole.fr\/index.php\/wp-json\/wp\/v2\/media?parent=12060"}],"curies":[{"name":"wp","href":"https:\/\/api.w.org\/{rel}","templated":true}]}}